 + 66. Let r(x) = 118*x - 30. List the prime factors of r(m).
2, 3, 113
Let a = 5 + 4. Suppose d - 61 = a. Suppose -2*j = -86 - d. What are the prime factors of j?
2, 3, 13
Let a be (2*1)/(3 + 3055/(-1015)). Let x = a - -249. List the prime factors of x.
2, 23
Suppose -3*z + 2*l = -237049, 5*z - 136*l = -134*l + 395075. What are the prime factors of z?
11, 653
Suppose 131197 = 15*y - 146228. Suppose k = -14*k + y. What are the prime factors of k?
3, 137
Let m(w) = 8*w**2 + 17*w - 2. Let p(x) = x**2 - 19*x - 10. Let b be p(20). Let q be 2*((-21)/b - (-6)/(-15)). What are the prime factors of m(q)?
113
Let d(k) = -2816*k - 3048. List the prime factors of d(-27).
2, 3, 3041
Let s(t) = 161*t. Let g be s(14). Suppose -g = -57*a + 50*a. List the prime factors of a.
2, 7, 23
Suppose -4*a = 3*c - 24, -4*a + 6 = -2*a. Suppose 2*i - 1404 = -c*i. List the prime factors of i.
2, 3, 13
What are the prime factors of 19211 - 10/(-4)*-7*(-30)/(-525)?
2, 5, 17, 113
Suppose 2*w - 22*j - 23580 = -21*j, -2*w + 23556 = 3*j. List the prime factors of w.
3, 3929
Let n = 1563 + 11852. List the prime factors of n.
5, 2683
Let j = -12970 + 29380. List the prime factors of j.
2, 3, 5, 547
Suppose 4*r = 2*h - 3*h + 145, 0 = -4*h + 20. What are the prime factors of (-676)/(r/(-10) - -3)?
2, 13
Let i = -340 - -343. Suppose 0 = i*j - 4*j + 615. List the prime factors of j.
3, 5, 41
Suppose 2*j + 672 = -4*q, -q + 5*j + 850 = -6*q. Let x = 61 - q. Let y = -148 + x. What are the prime factors of y?
79
Let n(p) = -p**3 + p**2 - 5*p + 1096. Let m be n(0). What are the prime factors of 6 - m/(-22) - 4/(-22)?
2, 7
Let w = -2059 - -28692. List the prime factors of w.
26633
Let u = -629 + 634. List the prime factors of 976 + 1 + (8 + -7 - u).
7, 139
Suppose -s + w - 158 = 0, 3*s + 2*w + 458 = -3*w. What are the prime factors of (-2)/8 + 6929/s*-3?
7, 19
Let t = -1990 + 1104. Let p = -542 - t. List the prime factors of p.
2, 43
Let l(i) = -i**2 - 11*i + 34. Let w(v) = v**2 + 8*v + 5. Let s(k) = -k**2 - 12*k - 4. Let g be s(-12). Let m be w(g). List the prime factors of l(m).
2, 17
Let u be ((-6)/(-8))/(2/72). Let t(s) = -140*s + 831. Let p be t(6). Let w = p + u. What are the prime factors of w?
2, 3
Let q(h) = -5*h + 12. Let n be q(3). List the prime factors of (212 + 0 - (n - -4)) + 1.
2, 53
Suppose 5*n - 3*g = 20542 + 24185, -4*n + 35781 = -3*g. Suppose n = -5*q + 19*q. List the prime factors of q.
3, 71
Suppose 3*z + 2 = 24*d - 25*d, -2*d - 14 = -4*z. List the prime factors of ((-26)/d)/((-5176)/740 + 7).
2, 13, 37
Let d(b) = -4*b + 20. Suppose -2*g - 12 = -4*g. Let w be d(g). List the prime factors of 97 + 4/8*w.
5, 19
Let z = -11 + 0. Let t be 230*6/(-5)*z/33. Let v = t - -63. List the prime factors of v.
5, 31
Let g be (-556)/(-16) + -2 + (-4)/(-16). Suppose -z - g = -36. Suppose -242 = -z*l + l. List the prime factors of l.
11
Let v(f) = f**2 - 2*f - 5. Let y be v(4). Suppose 0 = 4*d - y*d + 15. Let p = d - -82. List the prime factors of p.
67
Let c(n) = 6*n**2 - 6*n + 20. Suppose 25 = -3*p + 46. What are the prime factors of c(p)?
2, 17
Let w(h) = 4*h - 60. Let s be w(15). What are the prime factors of 0 + (s - (-1272)/4)?
2, 3, 53
Let t(p) = -15*p - 77. Let z be ((-30)/8)/(3/16). What are the prime factors of t(z)?
223
Let v(l) = -46*l - 138. Let u(m) = 2*m. Let d(h) = -10*u(h) - v(h). What are the prime factors of d(47)?
2, 5, 17
Suppose -w = -3*q - 223, -3*w - 186 - 94 = 4*q. Let v = q + 66. Let k(h) = -29*h - 2. What are the prime factors of k(v)?
3, 67
Let y(l) be the first derivative of 2*l**3/3 + 57*l**2/2 - 38*l + 76. List the prime factors of y(-30).
2, 13
Suppose -5*q + 305 = -2*n - 3*n, 0 = 5*q - 2*n - 311. Let g = q + -66. List the prime factors of (g/((-9)/453))/(2/2).
151
Suppose -66380 - 50067 = -6*c - 10253. What are the prime factors of c?
11, 1609
Let v = 775 - 446. Let s = v - 143. Suppose -g + s = 2. What are the prime factors of g?
2, 23
Let d = -6 - -10. Let c(x) = x**2 + 2 - 6*x + 16*x - 6*x. What are the prime factors of c(d)?
2, 17
Let m(u) = -u**2 + 5*u - 7. Let l be m(4). Let v be (68/(-5))/(308/(-100) - l). Let c = -99 + v. List the prime factors of c.
71
Suppose -2*y + 201120 = 4*s, 2*s + 89*y = 83*y + 100570. List the prime factors of s.
137, 367
Let i(n) be the third derivative of n**6/24 + 3*n**4/4 + 5*n**3/6 - 7*n**2. What are the prime factors of i(4)?
397
Let c = -531 + 373. Let z = -518 - -476. Let y = z - c. What are the prime factors of y?
2, 29
Let h = -58 + 91. Let o = h + -29. Suppose 0 = -2*m + 5*i + 607, o*m = 4*i - i + 1179. List the prime factors of m.
3, 97
Let o(p) = -1508*p + 25. List the prime factors of o(-6).
43, 211
Let y be 8 + 4 + 3 + 1583. Suppose -2*a + 632 = -y. List the prime factors of a.
5, 223
Let t be 95/20*36/(-3). Let u = -119 - t. Let h = -26 - u. List the prime factors of h.
2, 3
Let m(h) be the third derivative of h**6/45 - h**5/8 + 17*h**4/24 + 12*h**2. Let a(d) be the second derivative of m(d). List the prime factors of a(11).
7, 23
Let v(q) = 34*q - 2 + q**2 + 2*q**2 - 40*q. Let f be v(9). Let z = f + -97. What are the prime factors of z?
2, 3, 5
Let k(a) = -11*a + 8*a + 6*a - 14 + a**2 + 3*a. Let i be k(3). Suppose i*y + 416 = 17*y. What are the prime factors of y?
2, 13
Suppose -3*i + q + 53 = 0, 3*q + 14 = 5*i - 73. Let r be ((-30)/4)/((-186)/1240). Suppose k - r = -i. List the prime factors of k.
2
Let w(c) = 9*c**2 + 19*c - 16. Let n be w(-9). Suppose -2*o - 2*x + n = 0, -4*x - 1221 = -5*o + 107. List the prime factors of o.
2, 67
Let a(r) = -577*r - 455. List the prime factors of a(-6).
31, 97
List the prime factors of 22/4*(341 - 319).
11
Let k(q) = -q**3 + 8*q**2 + 12*q + 1. Let p = -19 + 24. Let g be -1 + p + 1 + 3. What are the prime factors of k(g)?
97
Let j(x) be the second derivative of x**5/20 + x**4 - 29*x**3/6 + 14*x**2 - 2*x + 11. What are the prime factors of j(-12)?
2, 47
Let s = -413 - -612. Let a = s - 60. What are the prime factors of a?
139
Suppose 2*n + 0*n - 294 = 0. Let q = 125 - -115. Suppose n = o + o - c, q = 3*o + 5*c. List the prime factors of o.
3, 5
Suppose 76*h = 88*h + 120768. List the prime factors of h/(-6) - (-100)/150.
2, 839
What are the prime factors of 3926/2 + 99/(-99)?
2, 3, 109
Let b be (1078/(-616))/((0 - 1)/(-12)). What are the prime factors of b*(13 + 5)/(7/(-3))?
2, 3
Let p = -44 + 77. Let k(m) = m - 14 + p - 4*m. What are the prime factors of k(-7)?
2, 5
Let u(r) = r**3 - 8*r**2 + 22*r + 7 - 11*r - 4*r. Let l be u(7). Suppose 0 = l*h - 5*h - 106. What are the prime factors of h?
53
List the prime factors of (23 + (-18165)/(-42))/((-1)/(-14)).
7, 911
List the prime factors of (-289120)/(-40) - 12/1.
2, 11, 41
Suppose -u - 1 + 4 = 0. Suppose 5*p = u*b + 5569, -p + 1262 - 156 = 2*b. List the prime factors of p.
2, 139
Let t(k) = -k**3 + 11*k**2 + 2*k - 6. Let f(h) = h**2 - 1. Let s be f(-1). Suppose s = 11*z - 6*z - 55. What are the prime factors of t(z)?
2
Let o = -236 + 265. Suppose 28*l - o*l + 221 = 0. List the prime factors of l.
13, 17
Let j = 107 + -57. Suppose 3*x - 25 = -2*w - 2*x, 5*x = -3*w + j. Suppose 4*g - 119 = w. What are the prime factors of g?
2, 3
Let u(s) = -s**2 + 27*s + 36. Let n be u(21). Suppose 3*f = -3*c + 117, -4*f + c = 2*c - n. Suppose -46*i + 455 = -f*i. List the prime factors of i.
7, 13
Suppose -4*q = -4*r - 0*q + 186992, -2*q = r - 46730. List the prime factors of r.
2, 23371
Suppose -301*w = 71*w - 16434216. What are the prime factors of w?
2, 3, 37, 199
Let m(g) = g**3 + 29*g**2 + 99*g - 23. Let h be m(-25). Let y be (24/5)/((-1)/(-5)). What are the prime factors of y + (0 + h)*(-3)/(-2)?
3
Suppose 2*a - 5*l + 1 + 9 = 0, 2*a - l + 2 = 0. Suppose a = 5*p - 4515 + 910. What are the prime factors of p?
7, 103
Suppose 0 = -3*u - 3*g - 24 - 6, u - 10 = 3*g. Suppose -124 = 4*y + 2*h, 8*y = 10*y + 5*h + 54. List the prime factors of u/20 + (-4)/(y/834).
2, 13
Suppose -5*d + 727 + 593 = 0. Let k be -5 + 7 + 39/13. Suppose -x + 3*x = -2*z + d, 0 = -k*z + 2*x + 653. List the prime factors of z.
131
Let h = 31240 + -15814. What are the prime factors of h?
2, 3, 857
Let j = 165 - 927. Let x = j + 2146. List the prime factors of x.
2, 173
Let w(d) = 55*d**2 + 7*d - 2. Suppose -c - 2*m - 7 = 0, -4*m - 23 = -3*c + m. List the prime fac